138.
69
Suppose -41603 + 224954 = 56*h - 189105. Calculate the greatest common factor of h and 9.
9
Let b(l) = l**2 - 207*l + 7528. Let y be b(160). Suppose z - 2*z + 88 = 0. Calculate the highest common factor of y and z.
8
Suppose -142*l = -48*l - 35*l - 4956. What is the greatest common divisor of 336 and l?
84
Let n = -46 + 199. Let a be n/(-27)*(-3 + 0). Calculate the greatest common factor of 51 and a.
17
Let z be (-684472)/(-2680) + 2/(-1) + (-16)/(-10). What is the highest common factor of z and 375?
15
Let l(g) = g**2 + 2*g - 46. Let f be l(16). Let b = -32 + f. Calculate the highest common factor of 60 and b.
30
Let a be (-2905)/(-140) - ((-1)/(-8))/((-2)/(-12)). What is the greatest common divisor of a and 16460?
20
Let m(t) = 7*t - 18. Let k be m(5). Suppose -2*d - 19 = -3*c, 2*c - 5*d - k = -19. What is the greatest common divisor of c and 18?
9
Let h = 12646 - 12371. Calculate the highest common divisor of h and 66.
11
Let j(c) = -7*c**3 + 84*c**2 - 12*c - 3. Let b be j(11). What is the highest common divisor of b and 56?
8
Let s(n) = 3*n**2 - 275*n + 3768. Let l be s(82). Let x = -9 - -19. Calculate the greatest common divisor of l and x.
10
Suppose 27*s = 30*s - 81. Let l = 45 - -24. Suppose l = 3*o + 15. What is the highest common factor of o and s?
9
Suppose -5*u = 4*h - 116, 4*h + u + 11 = 111. Suppose -h*m + 23*m = -12. What is the highest common divisor of 54 and m?
6
Let o(z) = 98*z - 76. Let l be o(2). Suppose -2*g + 104 = -0*g. Suppose 5*w = 5*t - 100, w = -t - t + g. Calculate the highest common factor of l and t.
24
Let j be (66/(-99))/(2 + 20/(-9)). Suppose 0 = -2*t - 4*o + 26, j*o + 12 = t + 4*o. What is the greatest common factor of t and 33?
11
Let p be (-746)/(-10)*(67 - -22) - (-3)/5. What is the greatest common factor of 80 and p?
80
Let i = -26 - -32. Suppose -16 = -l + 4*s, -4*s + i*s = -8. Suppose 4*a - 16 = -l*a. Calculate the highest common divisor of 8 and a.
4
Suppose -42 = -5*w - 2. Let b = 432 + -408. Calculate the greatest common factor of b and w.
8
Let i be -4 + (-1 + 5 - -49). Suppose 4*f + 3*r - 57 = 0, -5*f + 4*r + i + 30 = 0. Calculate the highest common divisor of f and 60.
15
Let o(y) be the first derivative of -2*y**3/3 + y**2/2 - y + 13. Let u be o(1). Let h be (-5)/1*(-6 + 7)*u. Calculate the highest common factor of h and 15.
5
Let h(b) = 2*b**3 - 6*b**2 + 13*b + 30. Let m be h(5). Calculate the highest common divisor of m and 60.
15
Let h = -198 + 201. Let b(u) = u**3 + 2*u**2 - 2*u + 182. Let d be b(0). Suppose d = h*a + 164. What is the highest common divisor of a and 2?
2
Suppose -1 + 50 = u. Suppose 2*d = 4*h + 222, -5*d + 98*h + 445 = 99*h. What is the highest common divisor of u and d?
7
Suppose -76*o = -65*o - 44. Suppose -2*h - 16 = -5*r - 7, o*h = 2*r - 10. What is the greatest common factor of 8 and r?
1
Let a be (-10)/(-35) + (-26806)/(-14) - 6. Calculate the highest common factor of 415 and a.
83
Let w be ((-62)/(-6))/((-94)/(-282)). Suppose -q + 2*v = -506, 2009 = 4*q - 3*v - 2*v. What is the highest common divisor of q and w?
31
Let u(q) = -33*q + 75. Let v be u(2). Suppose -301 - 49 = 2*z. Let f = -76 - z. Calculate the highest common divisor of v and f.
9
Let x = -12 + 27. Suppose 2*u + 3*h + 595 = 0, 2*u + 3*u = -4*h - 1505. Let p = u - -310. Calculate the highest common factor of x and p.
5
Suppose 16*a - 1640 = 24*a. Let b = a + 275. What is the highest common divisor of b and 154?
14
Let w be -3939*(-14 + 25 + -9)/(6/(-16)). Calculate the highest common divisor of w and 416.
208
Suppose -241*s = 229*s - 455*s - 330. Let c(w) = 68*w + 3. Let n be c(3). Let f = n - 119. Calculate the highest common divisor of s and f.
22
Let l be (-38)/171 - 4/(-18). Suppose -2*w - 2 - 6 = l, -v + 10 = -2*w. Calculate the highest common divisor of 8 and v.
2
Let d = 3669 - 2252. Calculate the highest common divisor of d and 52.
13
Suppose 0 = -4*l + 4*w - 7*w + 695, 350 = 2*l + 2*w. What is the greatest common divisor of 918 and l?
34
Let h(r) = -r**3 - 7*r**2 - 4*r + 15. Let g be h(-12). Let q be 87*26/(-104)*(-12)/9. What is the highest common divisor of g and q?
29
Suppose 465 - 1946 = -3*r + 5*t, -2*r - t = -983. What is the greatest common factor of r and 48?
12
Let t = -7038 - -7678. What is the highest common factor of 680 and t?
40
Suppose -4*q - 48 = -z, 124*z - 119*z = 4*q + 160. Let t = -208 - -110. Let u be (t/6)/(1/(-12)). What is the highest common factor of z and u?
28
Let j be 2/(-5) - ((-1341)/15 - 3). What is the greatest common divisor of j and 12604?
92
Suppose 14*k + 925 = 6343. Calculate the highest common divisor of k and 36.
9
Let r = -2087 - -2195. What is the greatest common factor of 3 and r?
3
Suppose 4*a + k = 1241, -3*a + k - 1 + 923 = 0. What is the highest common divisor of a and 3?
3
Suppose 3*x - 3*r - 132 = 0, 3*x - 3*r = -8*r + 116. Let j(n) = -83*n + 196. Let h be j(2). What is the greatest common divisor of h and x?
6
Let m be (((-588)/63)/14)/((-2)/51189). Calculate the greatest common divisor of m and 604.
151
Suppose 4*b - 34 = 14. Suppose 5*o - m = 16, 2*o + 2 = 4*m + b. Let k(f) = 10*f + 83. Let s be k(-5). Calculate the highest common factor of o and s.
3
Let y be 696 + -6*(-1)/(-1). Calculate the greatest common divisor of y and 138.
138
Suppose -5*u - 4*z + 8*z = -569, 3*u + 3*z = 363. Let k = 119 - u. Calculate the highest common factor of k and 46.
2
Let l be (96/(-10))/((-14)/385). Suppose -4*x = -4*p - l, 2*x = -2*x + 2*p + 272. Let m = 77 - x. Calculate the highest common divisor of m and 7.
7
Let x = 684 + -682. Let s be 144*(x + (-132)/63)*-14. What is the greatest common divisor of s and 3?
3
Suppose 0 = 113*d - 116*d - 4*z + 15, 2*d + 4*z - 6 = 0. Suppose -y - 1 = -2. Calculate the highest common divisor of d and y.
1
Suppose -326 = -4*d - 5*x + 20, d = -2*x + 88. Let q = -79 + 87. Let t be (((-16)/(-4))/q)/(3/72). What is the highest common factor of d and t?
12
Let v = -11471 - -11475. What is the highest common factor of 1942 and v?
2
Let r = -15128 - -15772. Calculate the highest common divisor of r and 2093.
161
Suppose -17*c = -13*c + 3508. Let w = 925 + c. Calculate the greatest common divisor of 36 and w.
12
Let y(q) = -q**3 + 23*q**2 + 36*q - 639. Let z be y(16). What is the greatest common factor of z and 1330?
133
Let v(d) = 73*d**2 + 6*d + 5. Let h be v(-1). Let w be (1/3)/(-1 - (-75)/h). What is the greatest common factor of 40 and w?
8
Let l be ((-560)/168)/(6/(-9)). Let s = -1 + 0. Let j be s*(3 + -2) + (l - -20). Calculate the highest common factor of 16 and j.
8
Let v be 306 - (528/(-330))/((-4)/15). What is the greatest common divisor of v and 150?
150
Let v(m) = 15*m + 65. Let t be v(-12). Let z = 41 - t. Calculate the highest common divisor of 260 and z.
52
Let n(o) = o**3 - 24*o**2 + 43*o + 30. Let i be n(22). Calculate the greatest common factor of 376 and i.
8
Suppose -s - 48 + 114 = -0*s. Suppose 9*w - 1655 = 4*w - 5*q, -1649 = -5*w + q. Calculate the greatest common divisor of s and w.
66
Suppose 0 = 4*j + 2*o - 88572, -2*o - 221444 = -0*j - 10*j. What is the highest common factor of 173 and j?
173
Let p be -3 + 28 + 7 + -10. Calculate the highest common factor of p and 352.
22
Suppose m = 149 - 119. What is the highest common factor of 2930 and m?
10
Suppose p + 217 = 5*u, -3*u - 85*p + 89*p = -154. What is the greatest common divisor of u and 6174?
42
Let w be 9/(-6)*(-1376)/(-48). Let v = 77 + w. What is the greatest common factor of v and 17?
17
Suppose -17*o = -1967 - 3362 - 3919. What is the highest common factor of o and 448?
32
Let c = -323436 - -323471. Let a(s) = 6*s + 1. Let b be a(-6). Let z be (-2)/((-4)/b)*-4. What is the highest common factor of z and c?
35
Let f(g) = g**3 + g**2 + 8*g + 120. Let n be f(0). Let o = -26 - -10. Let y = o - -40. Calculate the greatest common divisor of n and y.
24
Let n = -2 + 1. Let c be 6/2 - 4 - (-1 + n). Let q be 4/c + 64/4. Calculate the greatest common factor of q and 180.
20
Let p = -69 + -117. Let f = 215 + p. What is the highest common divisor of 261 and f?
29
Let p be (2 + (-42)/6 + (-1974)/3)*-1. Calculate the highest common factor of 156 and p.
39
Let s = 71 + -3. Suppose 0 = 5*o - 181 - 159. Calculate the highest common divisor of s and o.
68
Sup